 4*n - 8, -5*n - 35 = -3*t. Let s be (-2)/(-7) + (-414)/(-21). Suppose t*a + s = 5*j - 40, -4*j = 2*a - 18. What are the prime factors of j?
7
Let a = -180 + 207. What are the prime factors of a?
3
Let j = 6 - 2. List the prime factors of ((-3)/j)/(3/(-48)).
2, 3
Let o(c) = c. Let a be o(6). Suppose -2*s + a = s. Suppose 1 - 5 = -s*n. What are the prime factors of n?
2
Let h(n) = n - 9. Let g be h(9). Suppose g = 4*i - w - w - 80, w = 0. What are the prime factors of i?
2, 5
Suppose -t = -y + 27, -y + 45 = 4*t - 2. Suppose 5 = 2*r + 1. Suppose 0 = 3*b + 5*w - 14 - y, b - 16 = -r*w. List the prime factors of b.
2, 5
What are the prime factors of 2 + -1*(3 + -47)?
2, 23
Let t(w) = -6*w + 4. Let m(q) = -5*q + 3. Let a(s) = -4*m(s) + 3*t(s). What are the prime factors of a(2)?
2
Suppose 4*d = 52 + 216. Suppose -x - 3*r = -0 - 20, -4*x + r + d = 0. List the prime factors of x.
17
Suppose 3*m - 3 = 2*n, 3*m + n - 7 = 5. Suppose 5*o - 2*z = z + 1, 0 = 2*o + m*z - 13. What are the prime factors of o?
2
Let a be (-77)/(-3) + 16/(-24). Suppose -s + 6*s = 2*j + a, 4*s + j - 7 = 0. List the prime factors of s.
3
List the prime factors of (-178)/((-5 + 7)/(-1)).
89
Let u(w) = 8*w**2 - w + 1. Suppose -4*k - 12 = -k, 2*k = 5*p + 22. Let r be 2/p - 28/(-21). What are the prime factors of u(r)?
2
Suppose -3*c = 4*u - 17, 0*c + 13 = 3*u + 2*c. Let r(i) = i**2 - 3*i. Let y be r(u). List the prime factors of ((-36)/10)/((-3)/y).
2, 3
Let l(x) = x**3 + 5*x**2 - 7*x + 1. Let a be l(-6). Let b = a + -4. Suppose -k + 2 + 4 = 4*u, b*k + 2*u = 28. What are the prime factors of k?
2, 5
Suppose -5*v = -22 + 2. List the prime factors of (11/v)/((-4)/(-16)).
11
Suppose 0 = y + 2*y + 5*v + 26, 4*v + 26 = -5*y. Let z be (y/(-2)*2)/(-2). Let s = z - -12. What are the prime factors of s?
11
Let r = 8 - 4. Let b = 1 + r. Suppose v + 28 = 4*x - x, -b*x = -2*v - 48. What are the prime factors of x?
2
Let u = 9 - -20. What are the prime factors of u?
29
List the prime factors of 37 - 0 - (3 + -7).
41
Let t(b) = -1 - 1 - 2*b + 0. Let d be t(-3). Suppose -d*q + 29 = 5*h, -2*h + 45 - 15 = -3*q. List the prime factors of h.
3
Let d be 16/6*3/1. Let b be (1 + 0)/(4/d). Suppose -m + 21 = b*m. What are the prime factors of m?
7
Suppose -2*x = -125 + 45. Let d = x + -10. Suppose j = 3*j + 4*k - d, 4*j + 2*k - 54 = 0. What are the prime factors of j?
13
Let c = 23 + -19. Suppose 0 = 2*n, 4*n = -0*w + c*w - 156. What are the prime factors of w?
3, 13
Let u = -13 + 9. Let h be ((-44)/(-16))/(1/u). Let p(x) = -x - 6. What are the prime factors of p(h)?
5
Suppose 0 = -4*z - 4, 4*s - 6 + 2 = 4*z. Let i = s + 8. Suppose -3*a + i = 2. List the prime factors of a.
2
Suppose -3*k - 49 + 145 = 0. Let f = 13 - 36. Let x = f + k. List the prime factors of x.
3
Suppose -5*j - d + 28 = 0, -5*d - 33 = -5*j + 7. Suppose 2*u + j = 14. Suppose k - 2*b + 2 = 0, -3*b + 1 = u*k - 13. List the prime factors of k.
2
List the prime factors of (0/(-4))/4 + 94.
2, 47
Let w be ((-21)/9)/((-1)/3). Let v be (-5)/w - 4/14. List the prime factors of v/(-2) - (-75)/10.
2
Let b(h) = 3*h. Let r be b(-6). Let g = 30 + r. What are the prime factors of g?
2, 3
List the prime factors of (-52)/(-4) + 0/(-3).
13
Let l = -1 + 5. Let p = 6 - l. List the prime factors of (-1)/p + (-5)/(-2).
2
Let p = 33 - 18. Suppose p = 2*o - 5. List the prime factors of o.
2, 5
Let m be (0 - -71) + (5 - 2). Let i = m - 50. List the prime factors of i.
2, 3
Let f(y) = -y**3 - 9*y**2 + 4*y - 10. What are the prime factors of f(-10)?
2, 5
Suppose 3*z - 181 = 92. List the prime factors of z.
7, 13
Let x(d) = 20*d. What are the prime factors of x(18)?
2, 3, 5
Suppose 7*f = 4*f + 18. List the prime factors of f.
2, 3
Suppose -5*t - u = -272, t - u = -0*u + 58. What are the prime factors of t?
5, 11
Suppose -2*k - 3*k + 200 = 0. Let c = k - 17. List the prime factors of 1/3 - c/(-3).
2
Let l = -11 - -13. Suppose y = r + 22, 0*y - l*y + 44 = 4*r. Let j = y - 11. What are the prime factors of j?
11
Let f(s) = -s**3 + 13*s**2 + 15*s - 12. Let i be f(14). Suppose -124 = -i*t + b + 3*b, 0 = -4*t - b + 230. List the prime factors of t.
2, 29
Let h(m) = -2*m**3 - 6*m**2 - 6*m - 12. What are the prime factors of h(-5)?
2, 59
Suppose -2*m = 1 + 7. Let d = m - -7. Let p = d + 1. List the prime factors of p.
2
List the prime factors of (-1 + 1 - -1) + 270/15.
19
Let t = -3 - -9. Let k be (-3)/t*17*-2. Suppose -4*d = -k - 27. What are the prime factors of d?
11
Let r(d) = d**3 + 9*d**2 + 11. Suppose 31 = -4*c - l, -2*c - l - 22 = c. List the prime factors of r(c).
11
Let s = -4 + 0. Let v = 4 + s. Suppose v = 2*w - f - 21, -3*f = -2*f - 1. List the prime factors of w.
11
Let t = 1 + -1. Suppose -b + c + 3 = t, 0*b = -4*b + c + 9. Suppose b*d - 9 = 17. List the prime factors of d.
13
List the prime factors of 47 - (4 + -9)/(-5).
2, 23
Suppose -3*b + 3*q + 69 = 0, 0 = 4*b - 3*q + 4*q - 112. List the prime factors of b.
3
Let h(z) = -z**2 + z - 2. Let o be h(3). Let f = -25 + 36. Let l = o + f. List the prime factors of l.
3
Suppose -3*z - 30 - 9 = 0. Let i = z - -39. What are the prime factors of i?
2, 13
What are the prime factors of -1 + (0 - (-33)/1)?
2
Let k = 12 + 10. Suppose -5*q = -73 - k. List the prime factors of q.
19
Suppose -w - 2*i = -12, -2*i = 3*w + 3*i - 32. Let x = w + -2. List the prime factors of x.
2
Let w = 14 - 9. Suppose 0 = w*s + 2*q + 25 - 71, s = 2*q + 2. Let i = s + -5. What are the prime factors of i?
3
Let l(u) = 2*u**2 - u - 8. Let w be l(6). Suppose 50 = 4*t - w. What are the prime factors of t?
3
Let n(y) = -y - 2. Let u be n(-6). Let l = u - -19. List the prime factors of l.
23
Let j(m) = -m**2 - 4*m - 1. Let f be j(-3). Let k(o) = -o**2 + 2*o - f + o**3 - 3*o**2 + 0*o**2 + o. List the prime factors of k(4).
2, 5
List the prime factors of 595/21 - 4/(-6).
29
Let s be (-105 + (-3 - -1))/(-1). Suppose 5*r - 42 = -s. What are the prime factors of (-2)/((-11)/r + -1)?
13
Let a(j) = 2*j**2 - 7*j + 7. Let d be a(5). Suppose 3*q - 5*s - 22 = -0*q, 2*q - d = -4*s. What are the prime factors of q?
3
Suppose -5*c + 23 = 2*p - 25, 0 = -c - 4*p + 6. Suppose 4*a = 2 + c. Suppose -a*f + 37 = -11. List the prime factors of f.
2
Let u(h) be the third derivative of -h**6/120 - 7*h**5/60 - 3*h**4/8 - 2*h**3/3 - h**2. List the prime factors of u(-6).
2, 7
Let x = -1 - -1. Suppose -2*z - 3 = -2*i - 1, 2*i + 2*z - 10 = x. Suppose 13 + 5 = i*k. List the prime factors of k.
2, 3
Suppose -b + 0 = -9. Let u(n) = n**3 - 9*n**2 + n + 1. What are the prime factors of u(b)?
2, 5
Suppose 8*t - t - 791 = 0. What are the prime factors of t?
113
Suppose 4*d - 26 - 2 = 0. Let y = d - -2. List the prime factors of y.
3
Suppose -4 = -3*y + 3*a + 2, 4*a = -12. List the prime factors of 27 - (y - -2 - -2).
2, 3
Let s be 0/(1/1 - -1). Suppose s = -d - d - 24. List the prime factors of (8/d)/(4/(-18)).
3
Let n be (2 + 1)*(0 + 1). Suppose n = l + 1. Suppose -3*z = -l*w - 2*z + 4, -4*z + 8 = 0. What are the prime factors of w?
3
List the prime factors of 2 - -2 - (-79 + -2).
5, 17
What are the prime factors of 4/(-6) + (-2 - (-364)/6)?
2, 29
Let u(r) = 4*r + 3. Let i(l) = 9*l + 7. Let y = 46 - 32. Let j(m) = y*u(m) - 6*i(m). List the prime factors of j(2).
2
Let o(t) = -50*t**3 - t**2 + t + 2. Let h be o(-2). Let i be (-2)/7 - h/(-14). What are the prime factors of -3 + 5/(10/i)?
11
Suppose -3*q + 108 = -0*q. What are the prime factors of q?
2, 3
Suppose 5*k - 103 = 4*k. List the prime factors of k.
103
Suppose -v - 11 = t - 3*t, -5*t + 5*v + 30 = 0. Suppose t*w + 4 = -m + 16, 4*m = 4*w. Suppose w = 4*g - 42. List the prime factors of g.
11
Let k = 2 + -10. Let p = k + 6. List the prime factors of p/(-3)*(3 + 9).
2
Let g(b) = -29*b - 2. Let j be g(-9). List the prime factors of 6/9 + j/21.
13
Suppose 2*k + 5 = 7*k. List the prime factors of -1*(-3 + 0 + k).
2
Let v = 53 - -33. What are the prime factors of v?
2, 43
Let r = 233 - 150. What are the prime factors of r?
83
Let h(q) be the second derivative of -1/20*q**5 + 0 + 3/2*q**3 + 5/12*q**4 + q - 4*q**2. What are the prime factors of h(6)?
2, 5
Let x(q) = 70*q + 3. List the prime factors of x(3).
3, 71
Let a(b) = -2*b - 3. Let z be a(-4). Suppose 2*d - z - 21 = 0. List the prime factors of d.
13
Let t(p) = 46*p**3 + p*